{"id":1573,"date":"2024-04-22T12:21:08","date_gmt":"2024-04-22T12:21:08","guid":{"rendered":"https:\/\/www.mikroskopsko-drustvo.si\/posvet\/?page_id=1573"},"modified":"2026-04-21T12:53:32","modified_gmt":"2026-04-21T12:53:32","slug":"natecaj","status":"publish","type":"page","link":"https:\/\/mikroskopsko-drustvo.si\/posvet\/natecaj\/","title":{"rendered":"Nate\u010daj za najbolj\u0161o mikroskopisti\u010dno sliko"},"content":{"rendered":"\n<div id=\"wp-block-themeisle-blocks-advanced-columns-e2084af3\" class=\"wp-block-themeisle-blocks-advanced-columns has-2-columns has-desktop-equal-layout has-tablet-equal-layout has-mobile-collapsedRows-layout has-vertical-unset\"><div class=\"wp-block-themeisle-blocks-advanced-columns-overlay\"><\/div><div class=\"innerblocks-wrap\">\n<div id=\"wp-block-themeisle-blocks-advanced-column-190e4831\" class=\"wp-block-themeisle-blocks-advanced-column\">\n<figure class=\"wp-block-image size-full is-resized\"><img loading=\"lazy\" decoding=\"async\" width=\"1540\" height=\"866\" src=\"https:\/\/mikroskopsko-drustvo.si\/posvet\/wp-content\/uploads\/2026\/04\/Slika1-1.jpg\" alt=\"\" class=\"wp-image-1945\" style=\"width:515px;height:auto\" srcset=\"https:\/\/mikroskopsko-drustvo.si\/posvet\/wp-content\/uploads\/2026\/04\/Slika1-1.jpg 1540w, https:\/\/mikroskopsko-drustvo.si\/posvet\/wp-content\/uploads\/2026\/04\/Slika1-1-300x169.jpg 300w, https:\/\/mikroskopsko-drustvo.si\/posvet\/wp-content\/uploads\/2026\/04\/Slika1-1-1024x576.jpg 1024w, https:\/\/mikroskopsko-drustvo.si\/posvet\/wp-content\/uploads\/2026\/04\/Slika1-1-768x432.jpg 768w, https:\/\/mikroskopsko-drustvo.si\/posvet\/wp-content\/uploads\/2026\/04\/Slika1-1-1536x864.jpg 1536w\" sizes=\"auto, (max-width: 1540px) 100vw, 1540px\" \/><\/figure>\n<\/div>\n\n\n\n<div id=\"wp-block-themeisle-blocks-advanced-column-48833dfc\" class=\"wp-block-themeisle-blocks-advanced-column\">\n<p>Slovensko dru\u0161tvo za mikroskopijo razpisuje nate\u010daj za najbolj\u0161e mikroskopisti\u010dne slike.<\/p>\n\n\n\n<p><strong>Kako sodelovati?<\/strong><\/p>\n\n\n\n<p>Slike sprejemamo prek platforme ConfTool &#8211; https:\/\/www.conftool.pro\/sdm2026\/, Best image competition (SDM 2026 &#8211; ConfTool Pro &#8211; Submissions), kjer oddate sliko in kratek opis slike. Prijave so odprte do 8.5.2024. \u0160tevilo oddanih slik ni omejeno.<\/p>\n\n\n\n<p><strong>Nagrade<\/strong><\/p>\n\n\n\n<p>Slike bodo ocenjevali udele\u017eenci 6. Slovenskega posvetovanja mikroskopistov. Za najbolj\u0161e slike po izboru ob\u010dinstva bodo podeljene <strong>3 nagrade<\/strong> v neto vrednosti 300, 200 ter 100 EUR.<\/p>\n\n\n\n<p><strong>Razglasitev zmagovalcev<\/strong><\/p>\n\n\n\n<p>Zmagovalce bomo razglasili 14.5.2026 na ve\u010derni slovesnosti na 6. Slovenskem posvetovanju mikroskopistov.<\/p>\n\n\n\n<p><strong>Splo\u0161ni pogoji<\/strong><\/p>\n\n\n\n<p>Z oddajo slik se strinjate z njihovo objavo za namene promocije Slovenskega dru\u0161tva za mikroskopijo na spletnih straneh, v publikacijah dru\u0161tva in na socialnih omre\u017ejih dru\u0161tva.<\/p>\n\n\n\n<p><strong>Kontakt in dodatne informacije<\/strong><\/p>\n\n\n\n<p>Za dodatne informacije o nate\u010daju nas lahko kontaktirate na <a href=\"mailto:info@mikroskopsko-drustvo.siv\">info@mikroskopsko-drustvo.si<\/a><\/p>\n<\/div>\n<\/div><\/div>\n\n\n\n<p><\/p>\n","protected":false},"excerpt":{"rendered":"","protected":false},"author":4,"featured_media":0,"parent":0,"menu_order":0,"comment_status":"closed","ping_status":"closed","template":"","meta":{"neve_meta_sidebar":"","neve_meta_container":"","neve_meta_enable_content_width":"","neve_meta_content_width":0,"neve_meta_title_alignment":"","neve_meta_author_avatar":"","neve_post_elements_order":"","neve_meta_disable_header":"","neve_meta_disable_footer":"","neve_meta_disable_title":"","_themeisle_gutenberg_block_has_review":false,"footnotes":""},"class_list":["post-1573","page","type-page","status-publish","hentry"],"yoast_head":"<!-- This site is optimized with the Yoast SEO plugin v27.4 - https:\/\/yoast.com\/product\/yoast-seo-wordpress\/ -->\n<title>Nate\u010daj za najbolj\u0161o mikroskopisti\u010dno sliko - 6. Slovensko posvetovanje mikroskopistov<\/title>\n<meta name=\"robots\" content=\"index, follow, max-snippet:-1, max-image-preview:large, max-video-preview:-1\" \/>\n<link rel=\"canonical\" href=\"https:\/\/mikroskopsko-drustvo.si\/posvet\/natecaj\/\" \/>\n<meta property=\"og:locale\" content=\"en_US\" \/>\n<meta property=\"og:type\" content=\"article\" \/>\n<meta property=\"og:title\" content=\"Nate\u010daj za najbolj\u0161o mikroskopisti\u010dno sliko - 6. Slovensko posvetovanje mikroskopistov\" \/>\n<meta property=\"og:url\" content=\"https:\/\/mikroskopsko-drustvo.si\/posvet\/natecaj\/\" \/>\n<meta property=\"og:site_name\" content=\"6. Slovensko posvetovanje mikroskopistov\" \/>\n<meta property=\"article:modified_time\" content=\"2026-04-21T12:53:32+00:00\" \/>\n<meta property=\"og:image\" content=\"https:\/\/mikroskopsko-drustvo.si\/posvet\/wp-content\/uploads\/2026\/04\/Slika1-1.jpg\" \/>\n\t<meta property=\"og:image:width\" content=\"1540\" \/>\n\t<meta property=\"og:image:height\" content=\"866\" \/>\n\t<meta property=\"og:image:type\" content=\"image\/jpeg\" \/>\n<meta name=\"twitter:card\" content=\"summary_large_image\" \/>\n<meta name=\"twitter:label1\" content=\"Est. reading time\" \/>\n\t<meta name=\"twitter:data1\" content=\"1 minute\" \/>\n<script type=\"application\/ld+json\" class=\"yoast-schema-graph\">{\"@context\":\"https:\\\/\\\/schema.org\",\"@graph\":[{\"@type\":\"WebPage\",\"@id\":\"https:\\\/\\\/mikroskopsko-drustvo.si\\\/posvet\\\/natecaj\\\/\",\"url\":\"https:\\\/\\\/mikroskopsko-drustvo.si\\\/posvet\\\/natecaj\\\/\",\"name\":\"Nate\u010daj za najbolj\u0161o mikroskopisti\u010dno sliko - 6. Slovensko posvetovanje mikroskopistov\",\"isPartOf\":{\"@id\":\"https:\\\/\\\/mikroskopsko-drustvo.si\\\/posvet\\\/#website\"},\"primaryImageOfPage\":{\"@id\":\"https:\\\/\\\/mikroskopsko-drustvo.si\\\/posvet\\\/natecaj\\\/#primaryimage\"},\"image\":{\"@id\":\"https:\\\/\\\/mikroskopsko-drustvo.si\\\/posvet\\\/natecaj\\\/#primaryimage\"},\"thumbnailUrl\":\"https:\\\/\\\/mikroskopsko-drustvo.si\\\/posvet\\\/wp-content\\\/uploads\\\/2026\\\/04\\\/Slika1-1.jpg\",\"datePublished\":\"2024-04-22T12:21:08+00:00\",\"dateModified\":\"2026-04-21T12:53:32+00:00\",\"breadcrumb\":{\"@id\":\"https:\\\/\\\/mikroskopsko-drustvo.si\\\/posvet\\\/natecaj\\\/#breadcrumb\"},\"inLanguage\":\"en-US\",\"potentialAction\":[{\"@type\":\"ReadAction\",\"target\":[\"https:\\\/\\\/mikroskopsko-drustvo.si\\\/posvet\\\/natecaj\\\/\"]}]},{\"@type\":\"ImageObject\",\"inLanguage\":\"en-US\",\"@id\":\"https:\\\/\\\/mikroskopsko-drustvo.si\\\/posvet\\\/natecaj\\\/#primaryimage\",\"url\":\"https:\\\/\\\/mikroskopsko-drustvo.si\\\/posvet\\\/wp-content\\\/uploads\\\/2026\\\/04\\\/Slika1-1.jpg\",\"contentUrl\":\"https:\\\/\\\/mikroskopsko-drustvo.si\\\/posvet\\\/wp-content\\\/uploads\\\/2026\\\/04\\\/Slika1-1.jpg\",\"width\":1540,\"height\":866},{\"@type\":\"BreadcrumbList\",\"@id\":\"https:\\\/\\\/mikroskopsko-drustvo.si\\\/posvet\\\/natecaj\\\/#breadcrumb\",\"itemListElement\":[{\"@type\":\"ListItem\",\"position\":1,\"name\":\"Home\",\"item\":\"https:\\\/\\\/mikroskopsko-drustvo.si\\\/posvet\\\/\"},{\"@type\":\"ListItem\",\"position\":2,\"name\":\"Nate\u010daj za najbolj\u0161o mikroskopisti\u010dno sliko\"}]},{\"@type\":\"WebSite\",\"@id\":\"https:\\\/\\\/mikroskopsko-drustvo.si\\\/posvet\\\/#website\",\"url\":\"https:\\\/\\\/mikroskopsko-drustvo.si\\\/posvet\\\/\",\"name\":\"6. Slovensko posvetovanje mikroskopistov\",\"description\":\"Slovensko dru\u0161tvo za mikroskopijo\",\"publisher\":{\"@id\":\"https:\\\/\\\/mikroskopsko-drustvo.si\\\/posvet\\\/#organization\"},\"potentialAction\":[{\"@type\":\"SearchAction\",\"target\":{\"@type\":\"EntryPoint\",\"urlTemplate\":\"https:\\\/\\\/mikroskopsko-drustvo.si\\\/posvet\\\/?s={search_term_string}\"},\"query-input\":{\"@type\":\"PropertyValueSpecification\",\"valueRequired\":true,\"valueName\":\"search_term_string\"}}],\"inLanguage\":\"en-US\"},{\"@type\":\"Organization\",\"@id\":\"https:\\\/\\\/mikroskopsko-drustvo.si\\\/posvet\\\/#organization\",\"name\":\"4. Slovensko posvetovanje mikroskopistov\",\"url\":\"https:\\\/\\\/mikroskopsko-drustvo.si\\\/posvet\\\/\",\"logo\":{\"@type\":\"ImageObject\",\"inLanguage\":\"en-US\",\"@id\":\"https:\\\/\\\/mikroskopsko-drustvo.si\\\/posvet\\\/#\\\/schema\\\/logo\\\/image\\\/\",\"url\":\"https:\\\/\\\/mikroskopsko-drustvo.si\\\/posvet\\\/wp-content\\\/uploads\\\/2021\\\/12\\\/SDM-logo-1.png\",\"contentUrl\":\"https:\\\/\\\/mikroskopsko-drustvo.si\\\/posvet\\\/wp-content\\\/uploads\\\/2021\\\/12\\\/SDM-logo-1.png\",\"width\":786,\"height\":562,\"caption\":\"4. Slovensko posvetovanje mikroskopistov\"},\"image\":{\"@id\":\"https:\\\/\\\/mikroskopsko-drustvo.si\\\/posvet\\\/#\\\/schema\\\/logo\\\/image\\\/\"}}]}<\/script>\n<!-- \/ Yoast SEO plugin. -->","yoast_head_json":{"title":"Nate\u010daj za najbolj\u0161o mikroskopisti\u010dno sliko - 6. Slovensko posvetovanje mikroskopistov","robots":{"index":"index","follow":"follow","max-snippet":"max-snippet:-1","max-image-preview":"max-image-preview:large","max-video-preview":"max-video-preview:-1"},"canonical":"https:\/\/mikroskopsko-drustvo.si\/posvet\/natecaj\/","og_locale":"en_US","og_type":"article","og_title":"Nate\u010daj za najbolj\u0161o mikroskopisti\u010dno sliko - 6. Slovensko posvetovanje mikroskopistov","og_url":"https:\/\/mikroskopsko-drustvo.si\/posvet\/natecaj\/","og_site_name":"6. Slovensko posvetovanje mikroskopistov","article_modified_time":"2026-04-21T12:53:32+00:00","og_image":[{"width":1540,"height":866,"url":"https:\/\/mikroskopsko-drustvo.si\/posvet\/wp-content\/uploads\/2026\/04\/Slika1-1.jpg","type":"image\/jpeg"}],"twitter_card":"summary_large_image","twitter_misc":{"Est. reading time":"1 minute"},"schema":{"@context":"https:\/\/schema.org","@graph":[{"@type":"WebPage","@id":"https:\/\/mikroskopsko-drustvo.si\/posvet\/natecaj\/","url":"https:\/\/mikroskopsko-drustvo.si\/posvet\/natecaj\/","name":"Nate\u010daj za najbolj\u0161o mikroskopisti\u010dno sliko - 6. Slovensko posvetovanje mikroskopistov","isPartOf":{"@id":"https:\/\/mikroskopsko-drustvo.si\/posvet\/#website"},"primaryImageOfPage":{"@id":"https:\/\/mikroskopsko-drustvo.si\/posvet\/natecaj\/#primaryimage"},"image":{"@id":"https:\/\/mikroskopsko-drustvo.si\/posvet\/natecaj\/#primaryimage"},"thumbnailUrl":"https:\/\/mikroskopsko-drustvo.si\/posvet\/wp-content\/uploads\/2026\/04\/Slika1-1.jpg","datePublished":"2024-04-22T12:21:08+00:00","dateModified":"2026-04-21T12:53:32+00:00","breadcrumb":{"@id":"https:\/\/mikroskopsko-drustvo.si\/posvet\/natecaj\/#breadcrumb"},"inLanguage":"en-US","potentialAction":[{"@type":"ReadAction","target":["https:\/\/mikroskopsko-drustvo.si\/posvet\/natecaj\/"]}]},{"@type":"ImageObject","inLanguage":"en-US","@id":"https:\/\/mikroskopsko-drustvo.si\/posvet\/natecaj\/#primaryimage","url":"https:\/\/mikroskopsko-drustvo.si\/posvet\/wp-content\/uploads\/2026\/04\/Slika1-1.jpg","contentUrl":"https:\/\/mikroskopsko-drustvo.si\/posvet\/wp-content\/uploads\/2026\/04\/Slika1-1.jpg","width":1540,"height":866},{"@type":"BreadcrumbList","@id":"https:\/\/mikroskopsko-drustvo.si\/posvet\/natecaj\/#breadcrumb","itemListElement":[{"@type":"ListItem","position":1,"name":"Home","item":"https:\/\/mikroskopsko-drustvo.si\/posvet\/"},{"@type":"ListItem","position":2,"name":"Nate\u010daj za najbolj\u0161o mikroskopisti\u010dno sliko"}]},{"@type":"WebSite","@id":"https:\/\/mikroskopsko-drustvo.si\/posvet\/#website","url":"https:\/\/mikroskopsko-drustvo.si\/posvet\/","name":"6. Slovensko posvetovanje mikroskopistov","description":"Slovensko dru\u0161tvo za mikroskopijo","publisher":{"@id":"https:\/\/mikroskopsko-drustvo.si\/posvet\/#organization"},"potentialAction":[{"@type":"SearchAction","target":{"@type":"EntryPoint","urlTemplate":"https:\/\/mikroskopsko-drustvo.si\/posvet\/?s={search_term_string}"},"query-input":{"@type":"PropertyValueSpecification","valueRequired":true,"valueName":"search_term_string"}}],"inLanguage":"en-US"},{"@type":"Organization","@id":"https:\/\/mikroskopsko-drustvo.si\/posvet\/#organization","name":"4. Slovensko posvetovanje mikroskopistov","url":"https:\/\/mikroskopsko-drustvo.si\/posvet\/","logo":{"@type":"ImageObject","inLanguage":"en-US","@id":"https:\/\/mikroskopsko-drustvo.si\/posvet\/#\/schema\/logo\/image\/","url":"https:\/\/mikroskopsko-drustvo.si\/posvet\/wp-content\/uploads\/2021\/12\/SDM-logo-1.png","contentUrl":"https:\/\/mikroskopsko-drustvo.si\/posvet\/wp-content\/uploads\/2021\/12\/SDM-logo-1.png","width":786,"height":562,"caption":"4. Slovensko posvetovanje mikroskopistov"},"image":{"@id":"https:\/\/mikroskopsko-drustvo.si\/posvet\/#\/schema\/logo\/image\/"}}]}},"_links":{"self":[{"href":"https:\/\/mikroskopsko-drustvo.si\/posvet\/wp-json\/wp\/v2\/pages\/1573","targetHints":{"allow":["GET"]}}],"collection":[{"href":"https:\/\/mikroskopsko-drustvo.si\/posvet\/wp-json\/wp\/v2\/pages"}],"about":[{"href":"https:\/\/mikroskopsko-drustvo.si\/posvet\/wp-json\/wp\/v2\/types\/page"}],"author":[{"embeddable":true,"href":"https:\/\/mikroskopsko-drustvo.si\/posvet\/wp-json\/wp\/v2\/users\/4"}],"replies":[{"embeddable":true,"href":"https:\/\/mikroskopsko-drustvo.si\/posvet\/wp-json\/wp\/v2\/comments?post=1573"}],"version-history":[{"count":4,"href":"https:\/\/mikroskopsko-drustvo.si\/posvet\/wp-json\/wp\/v2\/pages\/1573\/revisions"}],"predecessor-version":[{"id":1946,"href":"https:\/\/mikroskopsko-drustvo.si\/posvet\/wp-json\/wp\/v2\/pages\/1573\/revisions\/1946"}],"wp:attachment":[{"href":"https:\/\/mikroskopsko-drustvo.si\/posvet\/wp-json\/wp\/v2\/media?parent=1573"}],"curies":[{"name":"wp","href":"https:\/\/api.w.org\/{rel}","templated":true}]}}